93, 5903
What are the prime factors of 2771387349?
3, 29, 31855027
List the prime factors of 1683635994.
2, 3, 93535333
What are the prime factors of 607726288?
2, 13, 2921761
What are the prime factors of 773022577?
6053, 127709
List the prime factors of 196694018.
2, 263, 373943
List the prime factors of 29864441.
41, 61, 11941
List the prime factors of 167880373.
167880373
List the prime factors of 164824916.
2, 239, 172411
List the prime factors of 148912465.
5, 13, 23, 99607
List the prime factors of 4149489911.
7, 29, 41, 498557
What are the prime factors of 11056742?
2, 67, 109, 757
List the prime factors of 296930486.
2, 53, 1019, 2749
What are the prime factors of 2297153691?
3, 7, 36462757
What are the prime factors of 1090707516?
2, 3, 29, 1044739
What are the prime factors of 60296205?
3, 5, 1201, 3347
What are the prime factors of 3200416497?
3, 12893, 27581
What are the prime factors of 435160056?
2, 3, 2281, 7949
List the prime factors of 241421065.
5, 151, 319763
What are the prime factors of 441988870?
2, 5, 4349, 10163
List the prime factors of 1023155134.
2, 511577567
List the prime factors of 98698712.
2, 7, 1762477
What are the prime factors of 7503594192?
2, 3, 577, 30103
What are the prime factors of 111685243?
811, 137713
List the prime factors of 884941420.
2, 5, 11, 113, 35597
What are the prime factors of 4797675777?
3, 23, 991, 70163
List the prime factors of 1131905318.
2, 4603, 122953
List the prime factors of 21261492.
2, 3, 7, 17, 709
What are the prime factors of 47586438?
2, 3, 2643691
What are the prime factors of 307815366?
2, 3, 51302561
What are the prime factors of 3326522357?
1709, 1946473
What are the prime factors of 110771216?
2, 19, 364379
What are the prime factors of 85423207?
85423207
What are the prime factors of 214219104?
2, 3, 11, 202859
What are the prime factors of 769978588?
2, 1049, 183503
List the prime factors of 171228888.
2, 3, 2378179
What are the prime factors of 823925936?
2, 31, 1661141
What are the prime factors of 460934355?
3, 5, 7, 4389851
List the prime factors of 124806686.
2, 62403343
List the prime factors of 194975814.
2, 3, 11, 2954179
What are the prime factors of 177749954?
2, 5087, 17471
What are the prime factors of 326204035?
5, 29, 79, 28477
List the prime factors of 2849387385.
3, 5, 13, 14612243
List the prime factors of 3022335.
3, 5, 47, 1429
What are the prime factors of 15882646?
2, 13, 421, 1451
What are the prime factors of 44777657?
4919, 9103
List the prime factors of 553355891.
11, 127, 396103
List the prime factors of 29230446.
2, 3, 7, 17, 40939
What are the prime factors of 488049912?
2, 3, 7, 968353
What are the prime factors of 68116420?
2, 5, 101, 33721
What are the prime factors of 1406821374?
2, 3, 7, 11165249
List the prime factors of 11458223.
7, 839, 1951
What are the prime factors of 41516496?
2, 3, 7, 13729
What are the prime factors of 269984413?
59, 101, 45307
What are the prime factors of 15440227?
11, 1403657
What are the prime factors of 118592937?
3, 4392331
What are the prime factors of 674554039?
3457, 195127
List the prime factors of 3103184670.
2, 3, 5, 509, 203221
List the prime factors of 859296433.
17, 1847, 27367
What are the prime factors of 3097760430?
2, 3, 5, 53, 137, 14221
List the prime factors of 313706518.
2, 156853259
List the prime factors of 54673000.
2, 5, 54673
What are the prime factors of 135738797?
331, 410087
What are the prime factors of 1867012865?
5, 19, 223, 88129
What are the prime factors of 247038682?
2, 11, 1020821
List the prime factors of 86137510.
2, 5, 8613751
List the prime factors of 752800635.
3, 5, 619589
List the prime factors of 69466944.
2, 3, 361807
List the prime factors of 271053641.
277, 523, 1871
What are the prime factors of 1200838337?
3677, 326581
What are the prime factors of 837833795?
5, 167566759
What are the prime factors of 668533?
668533
List the prime factors of 3102896677.
3102896677
What are the prime factors of 3742444081?
45137, 82913
List the prime factors of 84572078.
2, 19, 2225581
What are the prime factors of 38462529?
3, 7, 1063, 1723
What are the prime factors of 161946188?
2, 37, 383, 2857
What are the prime factors of 2162162084?
2, 31, 89, 195919
What are the prime factors of 62451146?
2, 59, 157, 3371
List the prime factors of 50997192.
2, 3, 83, 25601
What are the prime factors of 193497423?
3, 7, 463, 2843
What are the prime factors of 391019440?
2, 5, 7, 698249
What are the prime factors of 627923353?
3121, 201193
What are the prime factors of 279791935?
5, 55958387
What are the prime factors of 163556848?
2, 7, 13, 8641
List the prime factors of 25021576.
2, 337, 9281
List the prime factors of 104788430.
2, 5, 2741, 3823
List the prime factors of 552601104.
2, 3, 11, 701, 1493
What are the prime factors of 192664511?
13, 14820347
List the prime factors of 534650366.
2, 31, 8623393
What are the prime factors of 6883595?
5, 1376719
What are the prime factors of 826481290?
2, 5, 233, 431, 823
What are the prime factors of 98284114?
2, 4513, 10889
List the prime factors of 113743008.
2, 3, 47, 2801
What are the prime factors of 138437560?
2, 5, 47, 73637
List the prime factors of 166230101.
53, 3136417
List the prime factors of 377514798.
2, 3, 41, 151, 10163
List the prime factors of 86153351.
86153351
List the prime factors of 863415.
3, 5, 7, 2741
List the prime factors of 3189034846.
2, 1594517423
What are the prime factors of 99512933?
13, 83, 92227
List the prime factors of 12805007.
12805007
List the prime factors of 416639362.
2, 113, 1843537
What are the prime factors of 3716320966?
2, 227, 8185729
List the prime factors of 155272626.
2, 3, 11833
What are the prime factors of 1713362325?
3, 5, 41, 193, 2887
List the prime factors of 144157625.
5, 1153261
List the prime factors of 26234199.
3, 323879
What are the prime factors of 86424838?
2, 17, 31, 167, 491
What are the prime factors of 1411614104?
2, 176451763
What are the prime factors of 725992516?
2, 23, 53, 148891
List the prime factors of 969811184.
2, 61, 607, 1637
List the prime factors of 13872681.
3, 61, 8423
What are the prime factors of 874866615?
3, 5, 7, 71, 117353
List the prime factors of 1458536906.
2, 1597, 456649
What are the prime factors of 1071896894?
2, 19, 3853, 7321
List the prime factors of 1324565062.
2, 4903, 135077
What are the prime factors of 5128497429?
3, 11, 113, 827, 1663
What are the prime factors of 356987435?
5, 7, 10199641
List the prime factors of 1018978634.
2, 2677, 190321
List the prime factors of 34209671.
19, 23, 78283
List the prime factors of 3944722654.
2, 59, 71, 157, 2999
What are the prime factors of 58387160?
2, 5, 13, 47, 2389
What are the prime factors of 49149929?
79, 622151
What are the prime factors of 19484876?
2, 79, 197, 313
What are the prime factors of 8850097?
31, 67, 4261
List the prime factors of 17487971.
43, 406697
What are the prime factors of 118953619?
5717, 20807
List the prime factors of 122532077.
122532077
List the prime factors of 3289726170.
2, 3, 5, 3109, 3919
What are the prime factors of 136286426?
2, 53, 149, 8629
What are the prime factors of 2523124296?
2, 3, 7, 11, 151703
List the prime factors of 4808734270.
2, 5, 10177, 47251
List the prime factors of 95239406.
2, 17, 37, 75707
List the prime factors of 391955472.
2, 3, 2721913
List the prime factors of 433884039.
3, 144628013
What are the prime factors of 35658927?
3, 107, 12343
What are the prime factors of 321319264?
2, 7, 204923
List the prime factors of 213743257.
7, 13, 180679
What are the prime factors of 1671289576?
2, 11, 3907, 4861
List the prime factors of 44155485.
3, 5, 11, 89203
What are the prime factors of 148946265?
3, 5, 13, 17, 881
List the prime factors of 1519427778.
2, 3, 11, 103, 397, 563
What are the prime factors of 546996560?
2, 5, 11, 83, 7489
List the prime factors of 3718365982.
2, 19991, 93001
What are the prime factors of 8341070?
2, 5, 834107
List the prime factors of 668768438.
2, 13, 449, 57287
List the prime factors of 1418693443.
67, 677, 31277
What are the prime factors of 848018989?
848018989
What are the prime factors of 1380012095?
5, 7, 11, 991, 3617
List the prime factors of 932781909.
3, 31, 10029913
List the prime factors